 + 7*f**2 - 6*f - 6. Let p(g) = d*h(g) - 6*l(g). Give p(6).
-6
Let x(b) = -4*b**2 - 1 + 1 + 2 - b**3 + 4*b. Give x(-4).
-14
Let h(l) be the third derivative of 1/24*l**4 + 0 + 4*l**2 + 5/6*l**3 + 0*l. Give h(0).
5
Let v be (0 + -1)/((-56)/(-21) + -3). Let s(b) be the third derivative of 1/24*b**4 - 1/6*b**v + 1/60*b**5 + 0*b + 0 + 2*b**2. Calculate s(0).
-1
Suppose m - 6 = 5*g + 2, 5*g = 3*m - 4. Let k be (-6 - (-1 - 1))/g. Let i(r) = 3*r - r + 6*r**2 - 5*r**k + r - 3. Give i(-3).
-3
Suppose -6*z + 5 + 13 = 0. Let x(j) be the first derivative of 1 + 1/3*j**3 - 3*j + z*j**2. Give x(-6).
-3
Let k(m) = 4*m - 41. Let v be k(11). Let y(c) = -3*c - 2 + 4*c**2 + 1 - 2 - c**3. Calculate y(v).
-3
Let j(t) = -t**2 - 7*t - 14*t + 0*t**2 - 4 + 14*t. Let k be (-26)/6 - 8/12. What is j(k)?
6
Let g(n) = -2*n + 1. Let f = -3 - -4. Let k be g(f). Let r(t) = 2 + 4*t - 5 + 2. What is r(k)?
-5
Suppose 3*r + 25 = -2*r. Let n(a) = -2*a + 5. Let b = 2 + -7. Let x(t) = -2*t + 4. Let z(m) = b*x(m) + 4*n(m). Give z(r).
-10
Let c(m) = m**2 + 6. Let o be 20/15 + (-1)/3. Let r be (4 - 4)*(o + -2). What is c(r)?
6
Suppose -2*j - 5 = -a, 5 = -j - 5*a - 3. Let f(r) = -r**2 + 1. Let k(m) = -5*m**2 - 3*m. Let d(o) = 4*f(o) - k(o). Calculate d(j).
4
Let b(m) = 6*m - 6*m + 7*m**2 + 5*m + m**3 - 6. Let s be b(-6). Let r(d) = -d**3 + d**2 - 2. Give r(s).
-2
Let v(f) = -f**2 + 1. Suppose -2*z + 16 = 3*k, -k = -2*z + 3*z - 6. Let x = k + -3. Give v(x).
0
Let p be (-6)/9 + (-35)/(-3). Let z = 7 - p. Let g(r) = r + 5. What is g(z)?
1
Let f(l) = -3*l - 3. Let i(s) = -s - 1. Let n(c) = 2*f(c) - 5*i(c). What is n(3)?
-4
Suppose -25 = 5*r, 2*q = -r - 11 - 2. Let m(s) be the first derivative of s**4/4 + 5*s**3/3 + 7*s**2/2 + 6*s - 70. Calculate m(q).
-6
Let b be -1 + 3*(-14)/(-6). Let i(a) = -a - 1 + b*a - 3*a. Calculate i(-3).
-7
Let r(b) = -b**2 + 6*b + 7. Let c be r(7). Suppose 4*x = c, g + 2*x = -2*x + 5. Let a(s) = s**2 - 5*s - 5. What is a(g)?
-5
Let q(t) = t. Let h(b) = -5*b - 5. Let i(c) = -h(c) - 4*q(c). Give i(0).
5
Let r(w) = -2. Let h(s) = -1. Let a(m) = -3*h(m) + r(m). Let c(j) = 2*j - 2. Let b(g) = -2*a(g) - c(g). Determine b(5).
-10
Let g(p) be the third derivative of -p**7/840 - 7*p**6/360 - p**5/20 + p**4/4 - p**3 - 3*p**2. Let l(w) be the first derivative of g(w). What is l(-6)?
6
Let v(p) = p**2 + 4*p - 1. Let y(q) = q - 12. Let s be 1*5/(5/4). Suppose -3*g + 29 = -s*u - 0, -5*u + 4 = 2*g. Let l be y(g). Give v(l).
4
Suppose -9 = -2*a + 5*l, -4*l - 14 = -a - 4*a. Suppose -5*t + 0*t = 4*v - 27, -5*t + a*v = -9. Let b(i) = i**3 - 5*i**2 + 4*i + 1. What is b(t)?
-5
Suppose -4 = -4*v + 8. Let m(s) = -s**2 - 3*s + 3*s - v + 4*s. Determine m(4).
-3
Let s(c) = -c**3 + 9*c**2 - 9*c + 15. Let z be s(8). Let n(k) = -k**3 + 7*k**2 - 4*k + 6. Give n(z).
-22
Suppose 2*z + 9 + 3 = 0. Let l(p) = 15*p**2 - 14*p - 14. Let k(v) = -7*v**2 + 7*v + 7. Let n(h) = z*l(h) - 13*k(h). Calculate n(5).
-17
Let j(y) = -y**3 - 7*y**2 - 8*y. Let z = -130 - -124. Calculate j(z).
12
Let a(j) = 5*j**3 + 3*j**2 + 3*j - 3. Let k(y) = 2*y + 6*y**2 - 3 + 2*y**3 + 2*y**3 - 3*y**2 - y**2. Let d(b) = -5*a(b) + 6*k(b). Give d(-2).
-1
Let f(z) be the first derivative of -z**4/4 + z**3/3 + z**2/2 - z + 6. What is f(2)?
-3
Let x(h) = -5*h**2 - h - 1. Let g(q) = 2*q + 11. Let f(i) = i + 6. Let t(v) = -7*f(v) + 4*g(v). Let s be t(0). Suppose 0 = -0*u - s*u - 2. What is x(u)?
-5
Let l(m) = -m**3 - 6*m**2 + 4*m + 6. Let i(x) = x**3 + 5*x**2 - 5*x - 6. Let c(o) = 4*i(o) + 5*l(o). Give c(-10).
6
Let s(i) be the third derivative of -i**6/120 + i**5/60 - i**4/6 - i**3 + 7*i**2. Let l(j) = 2*j**3 - 3*j**2 + 7*j + 12. Let k(w) = -4*l(w) - 7*s(w). Give k(5).
-6
Let j(l) = -l**2 + 3*l - 2. Let x(g) = g**3 - 11*g**2 + 3. Let v be x(11). What is j(v)?
-2
Let f(m) = 5*m - 3*m - 8 - 3*m + 3*m. Determine f(7).
6
Let r(j) = -3*j + j - 1 + j. Let w(v) = -3*v + 44. Let z be w(13). What is r(z)?
-6
Let q(d) = d - 2. Suppose -3*p - 2*l + 12 = 0, -l = -2*l. Suppose -5*c + 4*c = -p. Calculate q(c).
2
Let c(t) be the first derivative of t**5/20 - t**4/12 + t**3/6 - 4*t - 5. Let o(q) be the first derivative of c(q). Give o(0).
0
Let b = 26 + -17. Suppose -4*q = -7*q + b. Let o(t) = t - 2*t + q*t + 5. Determine o(-4).
-3
Let z(j) = -j**2 - 4*j**2 - 2 + 5*j + 2*j**2 + 2*j**2. Calculate z(5).
-2
Let m(c) = 20*c - 3 - 15*c - 4*c. Give m(7).
4
Let q(b) = b + 2 + 0*b - 3 - b**2. Let n(l) = -l**3 + 11 + 12*l**2 + 6 - 5 - 5*l + 2*l**3. Let z(o) = -n(o) - 6*q(o). What is z(-6)?
0
Let o(k) = -4*k + 10. Let c(v) = v - 1. Let y(n) = 3*c(n) + o(n). What is y(7)?
0
Let o(q) = q**3 - 9*q**2 + 7*q + 10. Let u be o(8). Let y(x) be the second derivative of 2/3*x**3 - 3/2*x**u + 0 + 2*x. What is y(2)?
5
Suppose 2*y = 5*j + 44, -4*j = -0*y - 2*y + 36. Let s(k) = -2*k**2 - 6*k + 8. Let d(h) = -h**2 + h. Let z(a) = -d(a) + s(a). What is z(j)?
0
Let l(s) = s**2 + s - 21. Let o be l(0). Let v = o - -36. Let n be (9/v)/((-1)/5). Let h(q) = q**3 + 3*q**2 + 2*q - 2. What is h(n)?
-8
Suppose -19*l = -17*l + 4. Let u(n) = -n**3 + n**2 + n + 1. Calculate u(l).
11
Let j be (-23)/(-4) + (-2)/(-8). Let x(m) = 1 - m**2 - j + 6. Calculate x(-2).
-3
Let x(t) be the third derivative of -t**6/720 - t**5/40 - t**4/24 + t**2. Let c(u) be the second derivative of x(u). Give c(-4).
1
Let j(t) = -t**3 + t**2 + 2*t - 2. Let p = -19 + 23. Let f = p + -2. What is j(f)?
-2
Let h(i) = 3*i - 1. Let t(q) = -3*q - 3. Let p be t(-2). Suppose p*l + 7 = -5*m, -m + 18 + 3 = -5*l. Suppose -m + 5 = -4*j. What is h(j)?
-4
Let k(x) = 17*x - 2. Let o(f) = 8*f - 1. Let i(c) = -2*k(c) + 5*o(c). What is i(1)?
5
Suppose 4*o - s = 11, 3*o + o - 23 = 5*s. Let k(l) = 3*l**2 - l + 3*l**3 + 0*l - 4*l**3. What is k(o)?
2
Let m be -2 + (16 - (0 + 0)). Let k(g) = 9*g + 3. Let s be k(-7). Let y be 6/(-21) - s/m. Let w(p) = p**2 - 4*p + 5. What is w(y)?
5
Let m = -13 - -15. Let j be m + -2 - 15/(-3). Let q(n) be the second derivative of n**4/12 - 2*n**3/3 + n**2 + n. Give q(j).
7
Suppose 4*o + n + n + 24 = 0, 13 = -3*o + n. Let y(u) be the third derivative of 0*u - 5/6*u**3 + 1/60*u**5 + 0 + 5/24*u**4 - 2*u**2. What is y(o)?
-5
Let x(p) = p + p - p - 2*p**2. Let d be x(1). Let t(b) = -4*b - 1. Calculate t(d).
3
Suppose 2*p - 4 = 8. Suppose -p*a + a + 15 = 0. Let q(r) = r**2 - 2*r. Give q(a).
3
Let o be (-5)/(-3)*(-24)/(-20). Let i(s) = -3*s**3 + 3*s - 3. Determine i(o).
-21
Let t(v) be the second derivative of -2/3*v**3 - v + 3/2*v**2 + 1/4*v**4 + 0. Determine t(2).
7
Let b(n) = 7*n**2 - 6*n. Let v(w) = -w**2. Let i(l) = b(l) + 6*v(l). What is i(6)?
0
Let q(w) be the third derivative of w**6/60 + w**5/20 + w**4/24 + w**3/3 - 10*w**2. What is q(-2)?
-4
Let w(u) = -u**2 + 9*u - 4. Suppose -32 + 2 = -5*i. Calculate w(i).
14
Let k(g) = -2*g**3 - g**2 + g - 1. Suppose -3*y - 2*w + 14 = -y, 3*w = 3. Suppose -4 = 2*v - y. Calculate k(v).
-3
Let m(l) = 0 - 5 + 1 - 3*l**2 + 5*l**3 - 4*l**3. Let i(o) = 16*o - 16. Let w(s) = -3*s + 3. Let v(j) = 2*i(j) + 11*w(j). Let z be v(-2). Calculate m(z).
-4
Let z(p) = p**2 + 3*p - 3. Suppose o + 26 = 3*o. Let w(q) = -3 + 3*q + 12 - 4*q. Let f be w(o). Give z(f).
1
Let k(o) = o**2 - 2*o - 1. Let d be k(3). Let u(x) = x**3 + 3*x**d + 4*x + 3 - 2*x**3 + x**2. What is u(5)?
-2
Let y(g) = g**2 + 3*g + 4. Let c = -4 - 0. What is y(c)?
8
Suppose -54 = -5*f - 79. Let d(s) = 2*s + 7. Determine d(f).
-3
Let i be 3 - 1*(-4 + 4). Let z(x) be the first derivative of -1/2*x**2 - 1/3*x**i - 1 + 1/4*x**4 - 8*x. Calculate z(0).
-8
Let t(m) = 0*m**2 + 2*m**2 + 8*m - 5*m + 2. Suppose -g - 5*u = 27, -4*u + 10 = 3*g + 36. Let c be t(g). Let n(q) = 2*q - 5. What is n(c)?
3
Let x be (2/2)/(6/24). Let w(z) = 3*z + 9. Suppose 4*t = r + 23, -13 = 5*t - 3*r - 33. Let u(h) = -h - 3. Let f(q) = t*u(q) + 2*w(q). Give f(x).
-7
Let v = -7 + 4. Let a be (-1)/3 + (-1)/v. Let n(c) = 5 + a - 1 - 1 - 4*c - c**2. Give n(-4).
3
Let i = 1361/20 - 68. Let c(h) be the third derivative of -1/6*h**3 + 1/24*h**4 - 1/60*h**5 + 0 + 0*h - i*h**6 + h**2. What is c(1)?
-7
Let c(j) = -j**2 + 5*j + 6. Suppose 16 = 4*i, -2*i + 30 - 2 = -5*t. Let q(l) = l**3 + 4*l**2 - 2*l - 3. Let v be q(t). Calculate c(v).
6
Let j = -6 + 11. Let u(h) be the third derivative of 0*h - h**2 + 0 + 1/60*h**j + 1/6*h**3 - 5/24*h**4. Calculate u(2).
-5
